{"id":2248,"date":"2023-09-30T11:04:30","date_gmt":"2023-09-30T08:04:30","guid":{"rendered":"https:\/\/skolnet.fi\/?page_id=2248"},"modified":"2025-11-12T15:49:17","modified_gmt":"2025-11-12T13:49:17","slug":"kaaos-ja-supersitsit","status":"publish","type":"page","link":"https:\/\/skolnet.fi\/?page_id=2248","title":{"rendered":"KAAOS ja Supersitsit"},"content":{"rendered":"<h3>KAAOS &#8211; KAsvatustieteilij\u00f6iden Asiantuntija- ja OSaamisseminaari<\/h3>\n<p>KAAOS on kasvatustieteilij\u00f6iden ja aikuiskasvatustieteilij\u00f6iden asiantuntijuuteen ja osaamiseen syventyv\u00e4 tapahtuma. KAAOS tarjoaa kasvatustieteilij\u00f6ille mahdollisuuden pohtia asiantuntijuuttaan kasvatustieteen ja ty\u00f6el\u00e4m\u00e4n kent\u00e4ll\u00e4 sek\u00e4 tunnistaa omaa osaamistaan.<\/p>\n<p>KAAOS-tapahtumassa p\u00e4\u00e4see kuulemaan kasvatustieteilij\u00f6iden uratarinoita ja ty\u00f6pajoissa pohtimaan sek\u00e4 tutustumaan omaan erityisosaamiseesi. Tapahtumaa toteutetaan yhdess\u00e4 kaupunkien SKOL-vastaavien sek\u00e4 yhteisty\u00f6kumppaneiden kanssa.<\/p>\n<p>Syksyll\u00e4 2025 KAAOS j\u00e4rjestettiin Oulussa. Ohjelma alkoi yhteisell\u00e4 aamupalalla. Kuulimme aamup\u00e4iv\u00e4ll\u00e4 my\u00f6s mielenkiintoisia alustuksia SVV:lt\u00e4, Epaleelta, Vuolle Setlementilt\u00e4, Pohjois-Pohjanmaan kes\u00e4yliopistolta sek\u00e4 Opintokeskus Kansalaisfoorumilta. Lounaan j\u00e4lkeen ohjelmassa oli Eemeli Alanteen ty\u00f6paja, jossa k\u00e4siteltiin eritt\u00e4in t\u00e4rkeit\u00e4 ty\u00f6el\u00e4m\u00e4n teemoja. Iltap\u00e4iv\u00e4 alkoi yhteisell\u00e4 kahvittelulla, t\u00e4m\u00e4n j\u00e4lkeen kuulimme Specian esittelyn Oulun kampusvastaavan, S\u00e4de Saaren toimesta. Iltap\u00e4iv\u00e4n ohjelmassa oli lis\u00e4ksi harkkarinki, miss\u00e4 saimme kuulla kolmen harjoittelijan harkkatarinoita. P\u00e4iv\u00e4n aikana oli my\u00f6s mahdollista Helvi Heikkil\u00e4n CV-kuvaukseen.<\/p>\n<p><img loading=\"lazy\" decoding=\"async\" class=\"alignnone size-medium wp-image-3736\" src=\"https:\/\/skolnet.fi\/wp-content\/uploads\/2025\/11\/WhatsApp-Kuva-2025-11-12-klo-15.29.09_77234b12-225x300.jpg\" alt=\"\" width=\"225\" height=\"300\" srcset=\"https:\/\/skolnet.fi\/wp-content\/uploads\/2025\/11\/WhatsApp-Kuva-2025-11-12-klo-15.29.09_77234b12-225x300.jpg 225w, https:\/\/skolnet.fi\/wp-content\/uploads\/2025\/11\/WhatsApp-Kuva-2025-11-12-klo-15.29.09_77234b12-768x1024.jpg 768w, https:\/\/skolnet.fi\/wp-content\/uploads\/2025\/11\/WhatsApp-Kuva-2025-11-12-klo-15.29.09_77234b12-1152x1536.jpg 1152w, https:\/\/skolnet.fi\/wp-content\/uploads\/2025\/11\/WhatsApp-Kuva-2025-11-12-klo-15.29.09_77234b12.jpg 1200w\" sizes=\"auto, (max-width: 225px) 100vw, 225px\" \/> \u00a0 \u00a0 \u00a0 <img loading=\"lazy\" decoding=\"async\" class=\"alignnone size-medium wp-image-3737\" src=\"https:\/\/skolnet.fi\/wp-content\/uploads\/2025\/11\/WhatsApp-Kuva-2025-11-12-klo-15.29.09_c0cd69f7-225x300.jpg\" alt=\"\" width=\"225\" height=\"300\" srcset=\"https:\/\/skolnet.fi\/wp-content\/uploads\/2025\/11\/WhatsApp-Kuva-2025-11-12-klo-15.29.09_c0cd69f7-225x300.jpg 225w, https:\/\/skolnet.fi\/wp-content\/uploads\/2025\/11\/WhatsApp-Kuva-2025-11-12-klo-15.29.09_c0cd69f7-768x1024.jpg 768w, https:\/\/skolnet.fi\/wp-content\/uploads\/2025\/11\/WhatsApp-Kuva-2025-11-12-klo-15.29.09_c0cd69f7-1152x1536.jpg 1152w, https:\/\/skolnet.fi\/wp-content\/uploads\/2025\/11\/WhatsApp-Kuva-2025-11-12-klo-15.29.09_c0cd69f7.jpg 1200w\" sizes=\"auto, (max-width: 225px) 100vw, 225px\" \/>\u00a0 \u00a0 \u00a0 \u00a0<img loading=\"lazy\" decoding=\"async\" class=\"alignnone size-medium wp-image-3734\" src=\"https:\/\/skolnet.fi\/wp-content\/uploads\/2025\/11\/WhatsApp-Kuva-2025-11-12-klo-15.29.09_7838a664-225x300.jpg\" alt=\"\" width=\"225\" height=\"300\" srcset=\"https:\/\/skolnet.fi\/wp-content\/uploads\/2025\/11\/WhatsApp-Kuva-2025-11-12-klo-15.29.09_7838a664-225x300.jpg 225w, https:\/\/skolnet.fi\/wp-content\/uploads\/2025\/11\/WhatsApp-Kuva-2025-11-12-klo-15.29.09_7838a664-768x1024.jpg 768w, https:\/\/skolnet.fi\/wp-content\/uploads\/2025\/11\/WhatsApp-Kuva-2025-11-12-klo-15.29.09_7838a664-1152x1536.jpg 1152w, https:\/\/skolnet.fi\/wp-content\/uploads\/2025\/11\/WhatsApp-Kuva-2025-11-12-klo-15.29.09_7838a664.jpg 1200w\" sizes=\"auto, (max-width: 225px) 100vw, 225px\" \/>\u00a0 \u00a0 \u00a0<\/p>\n<p><img loading=\"lazy\" decoding=\"async\" class=\"alignnone size-medium wp-image-3735\" src=\"https:\/\/skolnet.fi\/wp-content\/uploads\/2025\/11\/WhatsApp-Kuva-2025-11-12-klo-15.29.09_50798f08-225x300.jpg\" alt=\"\" width=\"225\" height=\"300\" srcset=\"https:\/\/skolnet.fi\/wp-content\/uploads\/2025\/11\/WhatsApp-Kuva-2025-11-12-klo-15.29.09_50798f08-225x300.jpg 225w, https:\/\/skolnet.fi\/wp-content\/uploads\/2025\/11\/WhatsApp-Kuva-2025-11-12-klo-15.29.09_50798f08-768x1024.jpg 768w, https:\/\/skolnet.fi\/wp-content\/uploads\/2025\/11\/WhatsApp-Kuva-2025-11-12-klo-15.29.09_50798f08-1152x1536.jpg 1152w, https:\/\/skolnet.fi\/wp-content\/uploads\/2025\/11\/WhatsApp-Kuva-2025-11-12-klo-15.29.09_50798f08.jpg 1200w\" sizes=\"auto, (max-width: 225px) 100vw, 225px\" \/>\u00a0 \u00a0 \u00a0 \u00a0<img loading=\"lazy\" decoding=\"async\" class=\"alignnone size-medium wp-image-3733\" src=\"https:\/\/skolnet.fi\/wp-content\/uploads\/2025\/11\/WhatsApp-Kuva-2025-11-12-klo-15.29.09_7de30d36-225x300.jpg\" alt=\"\" width=\"225\" height=\"300\" srcset=\"https:\/\/skolnet.fi\/wp-content\/uploads\/2025\/11\/WhatsApp-Kuva-2025-11-12-klo-15.29.09_7de30d36-225x300.jpg 225w, https:\/\/skolnet.fi\/wp-content\/uploads\/2025\/11\/WhatsApp-Kuva-2025-11-12-klo-15.29.09_7de30d36-768x1024.jpg 768w, https:\/\/skolnet.fi\/wp-content\/uploads\/2025\/11\/WhatsApp-Kuva-2025-11-12-klo-15.29.09_7de30d36-1152x1536.jpg 1152w, https:\/\/skolnet.fi\/wp-content\/uploads\/2025\/11\/WhatsApp-Kuva-2025-11-12-klo-15.29.09_7de30d36.jpg 1200w\" sizes=\"auto, (max-width: 225px) 100vw, 225px\" \/>\u00a0 \u00a0 \u00a0 \u00a0<img loading=\"lazy\" decoding=\"async\" class=\"alignnone size-medium wp-image-3739\" src=\"https:\/\/skolnet.fi\/wp-content\/uploads\/2025\/11\/WhatsApp-Kuva-2025-11-12-klo-15.29.09_0defb72e-225x300.jpg\" alt=\"\" width=\"225\" height=\"300\" srcset=\"https:\/\/skolnet.fi\/wp-content\/uploads\/2025\/11\/WhatsApp-Kuva-2025-11-12-klo-15.29.09_0defb72e-225x300.jpg 225w, https:\/\/skolnet.fi\/wp-content\/uploads\/2025\/11\/WhatsApp-Kuva-2025-11-12-klo-15.29.09_0defb72e-768x1024.jpg 768w, https:\/\/skolnet.fi\/wp-content\/uploads\/2025\/11\/WhatsApp-Kuva-2025-11-12-klo-15.29.09_0defb72e-1152x1536.jpg 1152w, https:\/\/skolnet.fi\/wp-content\/uploads\/2025\/11\/WhatsApp-Kuva-2025-11-12-klo-15.29.09_0defb72e.jpg 1200w\" sizes=\"auto, (max-width: 225px) 100vw, 225px\" \/><\/p>\n<h4>KAAOS 2026 ja Supersitsit 2026<\/h4>\n<p>Vuonna 2026 KAAOS ja Supersitsit rantautuvat Turkuun! Viestimme tapahtumasta ensi vuoden aikana.<\/p>\n\n\n<p><\/p>\n","protected":false},"excerpt":{"rendered":"<p>KAAOS &#8211; KAsvatustieteilij\u00f6iden Asiantuntija- ja OSaamisseminaari KAAOS on kasvatustieteilij\u00f6iden ja aikuiskasvatustieteilij\u00f6iden asiantuntijuuteen ja osaamiseen syventyv\u00e4 tapahtuma. KAAOS tarjoaa kasvatustieteilij\u00f6ille mahdollisuuden pohtia asiantuntijuuttaan kasvatustieteen ja ty\u00f6el\u00e4m\u00e4n kent\u00e4ll\u00e4 sek\u00e4 tunnistaa omaa osaamistaan. KAAOS-tapahtumassa p\u00e4\u00e4see kuulemaan kasvatustieteilij\u00f6iden uratarinoita ja ty\u00f6pajoissa pohtimaan sek\u00e4 tutustumaan omaan erityisosaamiseesi. Tapahtumaa toteutetaan yhdess\u00e4 kaupunkien SKOL-vastaavien sek\u00e4 yhteisty\u00f6kumppaneiden kanssa. Syksyll\u00e4 2025 KAAOS j\u00e4rjestettiin Oulussa. [&hellip;]<\/p>\n","protected":false},"author":2,"featured_media":2273,"parent":0,"menu_order":0,"comment_status":"closed","ping_status":"closed","template":"","meta":{"_themeisle_gutenberg_block_has_review":false,"footnotes":""},"class_list":["post-2248","page","type-page","status-publish","has-post-thumbnail","hentry"],"_links":{"self":[{"href":"https:\/\/skolnet.fi\/index.php?rest_route=\/wp\/v2\/pages\/2248","targetHints":{"allow":["GET"]}}],"collection":[{"href":"https:\/\/skolnet.fi\/index.php?rest_route=\/wp\/v2\/pages"}],"about":[{"href":"https:\/\/skolnet.fi\/index.php?rest_route=\/wp\/v2\/types\/page"}],"author":[{"embeddable":true,"href":"https:\/\/skolnet.fi\/index.php?rest_route=\/wp\/v2\/users\/2"}],"replies":[{"embeddable":true,"href":"https:\/\/skolnet.fi\/index.php?rest_route=%2Fwp%2Fv2%2Fcomments&post=2248"}],"version-history":[{"count":8,"href":"https:\/\/skolnet.fi\/index.php?rest_route=\/wp\/v2\/pages\/2248\/revisions"}],"predecessor-version":[{"id":3740,"href":"https:\/\/skolnet.fi\/index.php?rest_route=\/wp\/v2\/pages\/2248\/revisions\/3740"}],"wp:featuredmedia":[{"embeddable":true,"href":"https:\/\/skolnet.fi\/index.php?rest_route=\/"}],"wp:attachment":[{"href":"https:\/\/skolnet.fi\/index.php?rest_route=%2Fwp%2Fv2%2Fmedia&parent=2248"}],"curies":[{"name":"wp","href":"https:\/\/api.w.org\/{rel}","templated":true}]}}