{"id":427,"date":"2021-02-24T13:28:11","date_gmt":"2021-02-24T11:28:11","guid":{"rendered":"https:\/\/skolnet.fi\/?page_id=427"},"modified":"2025-02-07T08:13:43","modified_gmt":"2025-02-07T08:13:43","slug":"tyoelama","status":"publish","type":"page","link":"https:\/\/skolnet.fi\/?page_id=427","title":{"rendered":"Ty\u00f6el\u00e4m\u00e4"},"content":{"rendered":"<h3>Mihin kasvatustieteilij\u00e4 ty\u00f6llistyy?<\/h3>\n<p>Kasvatustieteilij\u00e4 on alansa monipuolinen ammattilainen, jota tarvitaan kaikilla yhteiskunnan eri kentill\u00e4. Kasvatustieteilij\u00e4n osaaminen ei rajoitu vain oppilaitoksiin, vaan kasvatustieteilij\u00e4n ihmisl\u00e4heist\u00e4 osaamista tarvitaan monissa eri hallinnollisissa teht\u00e4viss\u00e4 kuten my\u00f6s politiikankin saralla. Monet kasvatustieteilij\u00e4t luovat uransa yrityksiss\u00e4 esimerkiksi henkil\u00f6st\u00f6asiantuntijoina tai koulutussuunnittelijoina. Ty\u00f6teht\u00e4v\u00e4t voivat sis\u00e4lt\u00e4\u00e4 erilaisten toimintojen kehitt\u00e4mist\u00e4, konsulttina toimimista tai projektity\u00f6skentely\u00e4. Niin kauan kuin ihmisi\u00e4 on kaikkialla tarvitaan my\u00f6s kasvatustieteilij\u00f6it\u00e4 kaikkialla.<\/p>\n<p><span style=\"font-weight: 400;\">Kasvatustietelij\u00f6ill\u00e4 on monia mahdollisuuksia ty\u00f6llisty\u00e4 niin yksityiselle kuin julkisellekin sektorille. Kasvatustieteiden koulutusohjelmat antavat hyv\u00e4t suulliset ja kirjalliset vuorovaikutustaidot, projektinhallinta- ja tiedonhankintataitoja sek\u00e4 osaamista suunnitella ja toteuttaa opetus- ja koulutustilanteita. Kasvatustieteilij\u00e4 ymm\u00e4rt\u00e4\u00e4 ihmisyytt\u00e4 eri n\u00e4k\u00f6kulmista, tunnistaa ja ymm\u00e4rt\u00e4\u00e4 moninaisuutta ja osaa kriittisesti analysoida erilaisia asioita. Kasvatustieteilij\u00e4t ovat t\u00e4m\u00e4n osaamisensa vuoksi erinomaisia esihenkil\u00f6it\u00e4, ohjaajia ja valmentajia.<\/span><\/p>\n<p>Kasvatustieteilij\u00e4n on mahdollista luoda tutkinnostaan itsens\u00e4 n\u00e4k\u00f6inen. Sama p\u00e4tee ty\u00f6uraan. Kasvatustieteilij\u00e4n uraa ei kannata tarkastella kapein lasein, vaan erilaisia ty\u00f6teht\u00e4vi\u00e4 kannattaa tutkia ja hakea avoimesti, sek\u00e4 (ty\u00f6)mahdollisuuksiin tarttua ennakkoluulottomasti. Kasvatustieteilij\u00e4n tyypilliselle uralle on mahdotonta antaa yksiselitteist\u00e4 elinkaarta. T\u00e4t\u00e4 pohdintaa varten SKOL tarjoaa kasvatustieteiden opiskelijan ty\u00f6el\u00e4m\u00e4oppaan, sek\u00e4 <a href=\"https:\/\/skolnet.fi\/alumnipodcast\/\">Perjantain SKOLaus<\/a> -alumnipodcastin, joiden tarkoituksena on avata moninaista ty\u00f6kentt\u00e4\u00e4mme ja innostaa kasvatustieteiden opiskelijoita oman alansa pariin!<\/p>\n<p>Suosittelemme my\u00f6s tutustumaan <a href=\"https:\/\/specia.fi\/palvelut\/opiskelijalle\/tyoelamatietoa\/\">Specian opiskelijan ty\u00f6el\u00e4m\u00e4oppaisiin<\/a> sek\u00e4 k\u00e4ym\u00e4\u00e4n <a href=\"http:\/\/toissa.fi\/\" target=\"_blank\" rel=\"noopener noreferrer\">T\u00f6iss\u00e4 \u2013 Korkeakouluista valmistuneet ty\u00f6el\u00e4m\u00e4ss\u00e4<\/a> -sivustolla tutustumassa alan ty\u00f6kentt\u00e4\u00e4n.<\/p>\n<h3>Ent\u00e4s ty\u00f6harjoittelu?<\/h3>\n<p class=\"_04xlpA direction-ltr align-justify para-style-body\"><span class=\"S1PPyQ\">Harjoittelu on usein kasvatustieteilij\u00e4n ensimm\u00e4inen kosketus oman alan ty\u00f6teht\u00e4viin. Se on arvokas oppimismahdollisuus ja hyv\u00e4 tapa saada jalkansa oven v\u00e4liin kohti ty\u00f6el\u00e4m\u00e4\u00e4. Harjoittelun antaa erinomaisen mahdollisuuden verkostoitua ja luoda yhteyksi\u00e4, joista voi hy\u00f6ty\u00e4 tulevaisuudessa.<\/span><\/p>\n<p class=\"_04xlpA direction-ltr align-justify para-style-body\"><span class=\"S1PPyQ\">SKOL linjaa, ett\u00e4 yliopistojen tulisi sis\u00e4llytt\u00e4\u00e4 tutkintojen pakollisiin opintoihin v\u00e4hint\u00e4\u00e4n yksi ty\u00f6el\u00e4m\u00e4harjoittelujakso opintojen aikana. Toivottavaa olisi kuitenkin, ett\u00e4 mahdollisuuksia harjoitteluille olisi enemm\u00e4n sek\u00e4 kandidaatti- ett\u00e4 maisterivaiheissa niille, jotka katsovat tarvitsevansa paremman tarttumapinnan ty\u00f6el\u00e4m\u00e4\u00e4n.<\/span><\/p>\n<p>Meille on my\u00f6s hyvin t\u00e4rke\u00e4\u00e4, ett\u00e4 kasvatustieteilij\u00e4 saa palkkaa ty\u00f6harjoittelustaan. Linjauksemme palkkauksesta on yhtenev\u00e4inen Specian kanssa. <span class=\"S1PPyQ\">Specia m\u00e4\u00e4rittelee, ett\u00e4 korkeakouluharjoittelijan v\u00e4himm\u00e4ispalkka koko-aikaisessa ty\u00f6suhteessa on <strong>1 283 euroa\/kk<\/strong> (vuonna 2022), kuitenkin aina v\u00e4hint\u00e4\u00e4n ty\u00f6tt\u00f6myysturvalain ty\u00f6oloehtoa kerrytt\u00e4v\u00e4n palkan suuruinen. Jotkut ty\u00f6nantajat tarjoavat vain palkattomia ty\u00f6harjoitteluita, mutta suosittelemme suhtautumaan niihin tietyll\u00e4 varauksella. L\u00e4hes valmis alansa asiantuntija ei ole ilmaista ty\u00f6voimaa. Specia linjaa palkoista my\u00f6s, ett\u00e4 kasvatustieteiden kandidaatin palkan tulee olla v\u00e4hint\u00e4\u00e4n 90 % annetuista <\/span><a class=\"S1PPyQ\" draggable=\"false\" href=\"https:\/\/specia.fi\/palvelut\/palkkaneuvonta\/\" target=\"_blank\" rel=\"noopener\">v\u00e4himm\u00e4ispalkkasuosituksista<\/a><span class=\"S1PPyQ\">.<\/span><\/p>\n<p>Alta l\u00f6yd\u00e4t listauksen kasvatustieteilij\u00e4n mahdollisista harjoittelupaikoista. Listaus sis\u00e4lt\u00e4\u00e4 todellisia ty\u00f6paikkoja, joihin kasvatustieteiden opiskelijoita on ty\u00f6llistynyt harjoittelujaksoa varten:<\/p>\n\n\n<div data-wp-interactive=\"core\/file\" class=\"wp-block-file\"><object data-wp-bind--hidden=\"!state.hasPdfPreview\" hidden class=\"wp-block-file__embed\" data=\"https:\/\/skolnet.fi\/wp-content\/uploads\/2025\/02\/Harjoittelupaikat.pdf\" type=\"application\/pdf\" style=\"width:100%;height:600px\" aria-label=\"Tiedoston Harjoittelupaikat upotus.\"><\/object><a id=\"wp-block-file--media-cb55a56f-1e9e-490f-9069-ae665788146b\" href=\"https:\/\/skolnet.fi\/wp-content\/uploads\/2025\/02\/Harjoittelupaikat.pdf\">Harjoittelupaikat<\/a><a href=\"https:\/\/skolnet.fi\/wp-content\/uploads\/2025\/02\/Harjoittelupaikat.pdf\" class=\"wp-block-file__button wp-element-button\" download aria-describedby=\"wp-block-file--media-cb55a56f-1e9e-490f-9069-ae665788146b\">Lataa<\/a><\/div>\n\n\n\n<p>Mahdollisia avonaisia harjoittelupaikkoja voit l\u00f6yt\u00e4\u00e4 monesta paikasta, esimerkiksi Aarresaaren yliopistokohtaisilta harjoittelu- ja ty\u00f6paikkasivuilta ja <a href=\"https:\/\/valtiolle.fi\/fi\/tyopaikat\/tyopaikka\/\">Valtiolla on paljon korkeakouluharjoittelijoille paikkoja<\/a>.<\/p>\n","protected":false},"excerpt":{"rendered":"<p>Mihin kasvatustieteilij\u00e4 ty\u00f6llistyy? Kasvatustieteilij\u00e4 on alansa monipuolinen ammattilainen, jota tarvitaan kaikilla yhteiskunnan eri kentill\u00e4. Kasvatustieteilij\u00e4n osaaminen ei rajoitu vain oppilaitoksiin, vaan kasvatustieteilij\u00e4n ihmisl\u00e4heist\u00e4 osaamista tarvitaan monissa eri hallinnollisissa teht\u00e4viss\u00e4 kuten my\u00f6s politiikankin saralla. Monet kasvatustieteilij\u00e4t luovat uransa yrityksiss\u00e4 esimerkiksi henkil\u00f6st\u00f6asiantuntijoina tai koulutussuunnittelijoina. Ty\u00f6teht\u00e4v\u00e4t voivat sis\u00e4lt\u00e4\u00e4 erilaisten toimintojen kehitt\u00e4mist\u00e4, konsulttina toimimista tai projektity\u00f6skentely\u00e4. Niin kauan kuin [&hellip;]<\/p>\n","protected":false},"author":2,"featured_media":0,"parent":0,"menu_order":0,"comment_status":"closed","ping_status":"closed","template":"","meta":{"_themeisle_gutenberg_block_has_review":false,"footnotes":""},"class_list":["post-427","page","type-page","status-publish","hentry"],"_links":{"self":[{"href":"https:\/\/skolnet.fi\/index.php?rest_route=\/wp\/v2\/pages\/427","targetHints":{"allow":["GET"]}}],"collection":[{"href":"https:\/\/skolnet.fi\/index.php?rest_route=\/wp\/v2\/pages"}],"about":[{"href":"https:\/\/skolnet.fi\/index.php?rest_route=\/wp\/v2\/types\/page"}],"author":[{"embeddable":true,"href":"https:\/\/skolnet.fi\/index.php?rest_route=\/wp\/v2\/users\/2"}],"replies":[{"embeddable":true,"href":"https:\/\/skolnet.fi\/index.php?rest_route=%2Fwp%2Fv2%2Fcomments&post=427"}],"version-history":[{"count":3,"href":"https:\/\/skolnet.fi\/index.php?rest_route=\/wp\/v2\/pages\/427\/revisions"}],"predecessor-version":[{"id":3089,"href":"https:\/\/skolnet.fi\/index.php?rest_route=\/wp\/v2\/pages\/427\/revisions\/3089"}],"wp:attachment":[{"href":"https:\/\/skolnet.fi\/index.php?rest_route=%2Fwp%2Fv2%2Fmedia&parent=427"}],"curies":[{"name":"wp","href":"https:\/\/api.w.org\/{rel}","templated":true}]}}